*s**2 + 7*s + 1. Let p(d) = 4*q(d) - 3*t(d). Determine p(8).
26
Let v(c) = c**3 - 25*c**2 + 23*c + 21. Let i be (-2 + 30)*6/7. Give v(i).
-3
Let u(q) = -q**3 + 7*q**2 + 8*q - 4. Let a = 510 - 502. Give u(a).
-4
Let g(p) = p**2 + p + 6. Let f be g(0). Let t(c) be the third derivative of c**6/120 - c**5/10 - c**4/12 + 7*c**3/6 - 85*c**2. Determine t(f).
-5
Let u = -50 - -48. Let i be (u/(-3))/(4/(-42)*1). Let y(b) = -b - 1. Give y(i).
6
Let r = 8 + -3. Let k(j) be the first derivative of -j**4/4 + 2*j**3 - 3*j**2/2 + 4*j - 344. Calculate k(r).
14
Let w(x) = -168*x + 15*x**2 - 2 + x**3 + 40*x + 64*x + 40*x + 51*x. Give w(-13).
-15
Suppose 2*i - 8 - 6 = 0. Suppose 2*l = i - 1. Let d(s) = s**3 + 2*s + 4*s**2 - 2 + 6 + 0*s**2 - l*s. Give d(-4).
8
Let q be 9*(-6)/6*22/(-6). Let y = q + -27. Let c(o) = o**2 - 6*o. Give c(y).
0
Let w(u) = 28*u**3 + 3*u**2 + u - 1. Let h be -5 - 4*(-1)/(-2). Let y(z) = -55*z**3 - 5*z**2 - 2*z + 2. Let s(m) = h*w(m) - 4*y(m). Give s(1).
23
Let f(m) = 3*m - 2. Let y(a) = 6 + 6 - 10 - 1. Let z(v) = f(v) + 3*y(v). What is z(6)?
19
Let o(r) = -2*r**2 - r. Let f(z) = -7*z**2 + 2*z - 4. Let x(w) = -f(w) + o(w). What is x(1)?
6
Let f(s) = s**3 - 15*s**2 - 16*s - 6. Let d = 624 + -608. Calculate f(d).
-6
Suppose -3*d = 4*l + 2*d + 40, -3*l - 2*d = 30. Let f(m) = -2*m - 16. Calculate f(l).
4
Let m(y) = -62*y - 238. Let a be m(-4). Let o(c) = c - 1. Give o(a).
9
Let o(i) = i**2 + 5*i + 6. Suppose f = 3*f + 2*b + 60, 0 = 4*b + 8. Let r = 24 + f. Determine o(r).
2
Let l(z) be the second derivative of -z**5/20 + 3*z**4/4 - 3*z**2/2 + 2*z - 124. Let h be 38/4 - (-2)/(-4). Calculate l(h).
-3
Let w(t) = 3*t + 5. Suppose s = d - 2, -15*d + 19*d + 37 = -5*s. Give w(s).
-10
Let x(f) = f**2 - 17*f - 22. Let m(u) = u**2 - 3*u - 10. Let l be m(7). Determine x(l).
-4
Let b(l) = -10*l**3 - l**2 - 2*l - 1. Let z(g) = 21*g**3 - 5*g**2 - 4*g + 3. Let d(n) = 2*b(n) + z(n). Let x(m) = -3*m - 7. Let f be x(-5). Determine d(f).
1
Suppose -10*n + 3899 = 3889. Let f(a) = 14*a - 13. Determine f(n).
1
Let u(z) = -50*z - 52*z - 5 - 44*z + 145*z. Give u(-6).
1
Let f(w) = 7*w**2 - 1. Let o(p) = -p**2 + p + 1. Let s(t) = -2*t**2 - 2*t + 3. Let c be s(-3). Let i = -3 - c. Let m(d) = i*o(d) + f(d). Calculate m(-5).
0
Let l(i) = 2*i. Let k(p) = 5*p - 22. Suppose -m + 5 = 4*v + 4*m, -4*m = -v + 17. Let n be k(v). What is l(n)?
6
Let f be 1*(5 - (-10)/(-5)). Let s(h) = -6*h + f*h - 135 + 127. Determine s(-6).
10
Let x(l) = -l**2 + 2*l + 29. Let o(v) = v**3 - 9*v**2 - 10*v + 7. Let d be o(10). Let r be x(d). Let c(q) = -q - 1. Determine c(r).
5
Let p(h) = -4 + 7*h**2 + 2*h**2 - 6*h**2 - h**3 + 5*h. Let x(z) = 16*z**3 - 1. Let q be x(1). Suppose 4*l - 1 = q. Calculate p(l).
0
Let r(a) = a**2 - 4*a + 1. Let v = -10 - -13. Suppose -v*l + 1 + 8 = 0. Let c = l + 2. Determine r(c).
6
Let c(t) = -t - 13 + 37 - t - 6. Determine c(8).
2
Suppose -r = -57 + 24. Let n = 33 - r. Let q(i) = -i**3 + i**2 + 14. Determine q(n).
14
Suppose -1 = 2*i - 7. Let n(y) = 53*y**3 - i*y + y + 2 - y**2 - 52*y**3. Let o = 7 - 5. What is n(o)?
2
Let t(u) = -5*u**2 + 9*u + 8. Let i(r) = -2*r + 3*r + r + r**2 - 1 - 3*r. Let z(v) = -6*i(v) - t(v). Calculate z(-4).
-6
Let i(o) = -o**2 - 11*o - 13. Let t be 9/(-15)*12/4*-10. Suppose -3*a - t - 9 = 0. What is i(a)?
5
Let i(y) be the first derivative of 5*y**3/3 + 2*y**2 + 8*y + 547. Determine i(-4).
72
Let v(c) = -59*c - 37. Let w(q) = 9*q + 6. Let d(i) = 2*v(i) + 13*w(i). Calculate d(-13).
17
Suppose 4*w - 8*w + 8 = 0. Let k(n) = -4*n + 9. Determine k(w).
1
Let b be ((-15)/(-3))/(-2 - -1). Let t(y) = -y**2 - 17*y - 10. Let c be t(-14). Let w(j) = 3*j + c + 0*j - 33 - 6*j. What is w(b)?
14
Let z(r) = -6*r**2 - 9*r + 8. Let o(v) = -v**2 + 1. Let n(k) = 5*o(k) - z(k). Let b = -48 + 41. What is n(b)?
-17
Suppose 34*v - 40*v = -36. Suppose -30 + 12 = -v*m. Let c(y) = -3*y + 2. Give c(m).
-7
Let h(u) = u**3 + u**2 - 5. Let g = 58 - 93. Let o be (-7)/g - ((-32)/(-10) - 3). Determine h(o).
-5
Let l(c) be the third derivative of c**4/24 - c**3 - c**2. Let n = 10 + -5. Suppose 5*i = 3*a - 0*i - 35, -n*a + 2*i = -33. What is l(a)?
-1
Let s(q) be the third derivative of -q**6/120 - q**5/6 - 5*q**4/12 - q**3/6 - 6237*q**2. Suppose -3*x + 0*x - 27 = 0. Give s(x).
8
Suppose 4*q - 3*f - 17 = 3*q, -2*q + 6 = f. Let z(h) = 4*h**2 + 5*h + 1. Let x(c) = 3*c**2 + 6*c + 1. Let s(a) = q*x(a) - 6*z(a). Give s(-1).
-10
Let f(x) be the first derivative of x**3/3 - 9*x**2/2 + 10*x - 10. Determine f(4).
-10
Let r(o) = -o**3 - o**2 - o + 7. Suppose 4*v - 5*k - 6 = 0, 0 = k + 4*k - 10. Suppose -v*n - 3 = -3. Determine r(n).
7
Let v be -2 + 10 - (-35 + 41). Let i(h) = 1. Let a(r) = 4*r + 8. Let l(u) = -a(u) + 6*i(u). What is l(v)?
-10
Let g(f) = -13*f**2 + 66*f + 64 - 57*f + f**3 - 41 + f**2. What is g(11)?
1
Suppose 0 = -6*n + 18 + 12. Let f(j) be the first derivative of -j**3/3 + j**2/2 + 7*j + 2. Calculate f(n).
-13
Let h be -3*(-16)/(-6) + -2. Let p(s) = -s**2 - 12*s + 8. Calculate p(h).
28
Let o(i) = -i - 8*i - 5 + 11*i. What is o(7)?
9
Let m(u) = 4*u**3 - u - 1. Let b(n) = 15*n**3 + 10*n**2 - 7*n + 7. Let l(i) = b(i) - 4*m(i). Give l(10).
-19
Let i = -58 - -82. Let r(g) = -g - 4. Let z be r(-4). Suppose 4*a - 8*a + i = z. Let m(u) = u - 7. Determine m(a).
-1
Let k(u) = -u**3 - u + 13. Let c be (-4)/(-6)*6/4 + 1. Suppose -21 = c*h - 21. What is k(h)?
13
Let a(q) be the first derivative of 1 + 0*q**2 - 9*q + 1/6*q**3 - 5/12*q**4. Let h(j) be the first derivative of a(j). Give h(1).
-4
Let z(f) = -27*f**2 + 14*f + 33. Let a(p) = -9*p**2 + 5*p + 12. Let x(c) = 11*a(c) - 4*z(c). Let n = 1 + 0. Determine x(n).
8
Let x(k) = k**2 - 3*k - 6. Let q(z) = -z**3 - 20*z**2 + 2*z + 46. Let o be q(-20). What is x(o)?
12
Let z be ((-6)/(-10))/(((-35)/25)/7). Let a = 6 + z. Let r(k) = 6*k - 9. Let u(g) = -3*g + 4. Let j(w) = 3*r(w) + 7*u(w). What is j(a)?
-8
Let s = 26 - 24. Suppose p - s*a + 11 = 2*p, 4*a = 3*p - 3. Let m(z) = 2*z - 5. Calculate m(p).
5
Let f(l) = 2*l - 1 - 3 + 0*l. Suppose 6*s + 69 = 51. Give f(s).
-10
Let n(c) = -8 + 13 + 2 + 14*c + 0 - 2*c**2 - 8. What is n(7)?
-1
Let g(q) = q**2 + 2*q - 11. Let o(v) = -3*v**2 - 8*v + 33. Let p(s) = 8*g(s) + 3*o(s). Give p(-9).
2
Let k(d) = -d**2 + 2*d - 7. Suppose 46*w + 0*w = 138. Calculate k(w).
-10
Suppose -3*c + 21*x - 23 = 19*x, 2*x = 5*c + 37. Let s(g) = g**3 + 7*g**2 + 4*g + 14. Give s(c).
-14
Let n(i) = i**2 - 6*i + 6. Let c be n(6). Let h(s) be the first derivative of s**4/4 - 7*s**3/3 + 4*s**2 - 6*s - 204. What is h(c)?
6
Let f(r) be the first derivative of -2*r**3/3 - r**2/2 + 4*r - 3. Determine f(-3).
-11
Let c be (-5)/10 + (-75)/(-6). Suppose 0 = -8*x + 5*x - c. Let p(m) = m**2 - 1. Let j(q) = 5*q**2 - 5*q - 3. Let t(s) = j(s) - 6*p(s). Determine t(x).
7
Let h(r) = 6*r + 19. Let a(n) = 16*n + 53. Let t(v) = 6*a(v) - 17*h(v). Determine t(-4).
19
Let m(l) = 0*l**2 + l - l**2 + 1 + 8*l**2. Let h be 0 + 1 - (1 - -2). Let f be 5 + h + (-4)/1. Give m(f).
7
Let z(f) = -f - 2. Let x(w) = -3*w - 3. Let n(l) = 4*x(l) - 7*z(l). What is n(3)?
-13
Let b(f) = 11*f**3 - f**2 - f + 1. Suppose 0 = -4*l + 5 - 1. Calculate b(l).
10
Let g(h) = 7*h**3 + 4*h**2 - 3. Let q(x) = x**3 + 3*x**2 - x - 1. Let m(b) = g(b) - 2*q(b). Determine m(1).
4
Let l(t) = t + 2. Let c(a) = -2*a**2 - 4*a - 22. Let u(j) = -c(j) - 8*l(j). Determine u(3).
12
Let r(h) be the third derivative of -h**5/30 + h**4/24 - 314*h**2. What is r(5)?
-45
Let j(q) = -q**3 + 6*q**2 - 5*q - 2. Let x be (-11)/(-4) - (-9)/36. Suppose 12 = -4*s + 4*b, s + 2*b + 12 = -x*s. Let h be 3 + (-4 - s - -3). Calculate j(h).
-2
Suppose -3*f = -3*o - 108, -2 = 2*o - o. Suppose f + 2 = -6*x. Let y(i) = -i**2 - 8*i - 8. Determine y(x).
4
Let l(m) = 4*m**2 - m + 1. Suppose -4*b + 5*b - 16 = 0. Let w = 22 - b. Let h = w + -4. Calculate l(h).
15
Let o(q) = 10*q + 4. Let y(p) = -17*p - 7. Let i(t) = 10*o(t) + 6*y(t). Calculate i(-2).
2
Let y(j) = -403*j - 405*j - 2 - 2 + j**2 + 802*j. Calculate y(4).
-12
Suppose 0 = -4*h - 0 - 12. Let m(j) be the second derivative of -7*j**3/3 - 4*j**2 - 10*j. Let u(b) = 5*b + 3. Let l(o) = -6*m(o) - 17*u(o). Calculate l(h).
0
Let b = -55 + 70. Let f = 21 - b. Let s(a) = -a - a + 5 + 1. Determine s(f).
-6
Suppose -3*a + 52 = -5. Let f = a + -39. Let p = 14 + f. Let